is 9 - (36 - 38 - (-3 - 0))?
8
What is -15 - (4 + -38 - -14) - -21?
26
What is (0 - (13 - 6)) + -14 + 3 - 7?
-25
Evaluate 6 - (5 - 6 - -7) - (-3 + -16).
19
Evaluate (-3 - 8) + 10 + -6 + 26.
19
What is 868 - 835 - (31 - -1)?
1
0 - (-2 - (-10 - -2)) - (567 - 576)
3
What is the value of 129 + -130 - (1 + 1 + 5)?
-8
Evaluate (31 - (-2 + 26)) + -1.
6
Calculate 11 - (0 - (6 + -21)).
-4
What is 0 + -5 + 20 + 11 + -20?
6
0 - (0 - 4) - 1 - (-54 + 58)
-1
Evaluate (-19 + 24 - 1) + -11.
-7
What is -402 + 406 + -1 + 0 + 4 - -10?
17
Calculate 0 + -23 + (24 - 17).
-16
Evaluate 4 + 23 + -22 + (0 - 11) + 11.
5
Calculate -2 - (-4 - (-10 + -5 + (-5 - -11))).
-7
-6 - (9 - (10 - 5) - 1 - 17)
8
What is (-102 - -107 - (8 - -1)) + 22?
18
What is 15 + (-7 - 2) + (-1 - (-4 + 2))?
7
Evaluate (43 - 6) + -35 + (-1 - -1 - 6).
-4
Calculate 45 + -56 - (-2 + -1 - (2 + -1)).
-7
(-6 - -6) + (20 - 7 - -3)
16
What is (1428 - 1433) + 1 + 13?
9
What is 27 - (-21 + 46 - 0)?
2
What is 1 + (-7 - 16 - (9 - (3 - -7)))?
-21
(0 - (5 + 3)) + (-5 - (2 - -8))
-23
(-19 - 28) + 33 - 24
-38
What is the value of 3 - (5 - 13 - -2 - (-4 + -3))?
2
Calculate (-34 - -9) + (7 - -16).
-2
Calculate 11 + -22 - (-8 + 8 + -3).
-8
What is the value of -409 - -401 - ((-14 - 3) + 2)?
7
Evaluate -10 - (-10 - -11 - (5 + 16) - -7).
3
2 + (-6 - -3) - 3 - -8
4
Evaluate (-55 - -45 - (0 + -5 + 0)) + -1.
-6
What is (13 - 0) + 16 + 3 + -29 + 8?
11
14 + (-7 - 35) + 6 + 1
-21
What is the value of -30 + (-30 + 7 - -25)?
-28
What is 11 + 2 - (10 - -1)?
2
What is -30 + 9 - (-5 + -5)?
-11
What is the value of 11 + (124 + -123 - (1 + -12 + 1))?
22
Evaluate (-2 - 0) + -27 - (56 - 65) - -1.
-19
Evaluate 21 + -14 + 2 - (4 - (2 - 3)).
4
-3 + (-3 - -15 - (14 - 6))
1
3 + -4 + (7 - 5) + -3 + -2
-4
0 + -21 + (-955 - -955)
-21
Evaluate (63 - 31) + -24 - 19.
-11
What is the value of -10 + (-7 + 2 - (-15 + 10))?
-10
What is -11 + 8 + 7 - (-2 - -8)?
-2
What is the value of 413 - 406 - (-1 - (-2 - 1 - -1))?
6
Evaluate 28 - 31 - (0 + 1 - (-1 - -4)).
-1
What is the value of -18 - (2 - 32) - (-3 + 4)?
11
Evaluate (-8 - (9 - 3)) + (4 - -1 - 5).
-14
Calculate (45 - 39) + (0 - -1).
7
1 + 7 + -5 + (2 - -1) + 0
6
What is -14 + 0 + 2 + 14?
2
Calculate (-8 - (-8 - 21) - -2) + -6.
17
Evaluate -30 - (12 + (8 - 25) - -8).
-33
Calculate 10 - 0 - (721 - 696).
-15
What is -3 + 2 + 9 + -14 + 19?
13
Calculate (15 - 5) + -3 - 1 - 4 - 6.
-4
Calculate 6 + (-65 - -64) + 5 + 0 + -2.
8
What is -10 + (2 - -1) + (-1 - 0) + -2?
-10
Calculate (9 - -3) + (6 - 12) + 1.
7
Evaluate 0 - (7 + (-14 - (0 + 0)) - -8).
-1
Evaluate -1 + -6 - (0 + 8 + -3).
-12
What is 4 - -2 - -25 - 21?
10
What is 29 + 6 + -30 + 13?
18
Calculate 22 - (-24 + 21 + 26).
-1
What is (-5 - 2) + (12 - 1 - 2)?
2
Evaluate -22 + 0 + 97 + -82.
-7
13 + (-11 - -15 - 21)
-4
What is 22 + (-42 - -20) + 17?
17
Calculate 9 + 7 + (-19 - -6 - -7 - 17).
-7
(2 + 6 - -3) + 6 - 9
8
What is the value of 3 + 3 + -221 + 197?
-18
What is (-7 - (-9 + 0 + -6)) + -11?
-3
Evaluate 22 + -7 + -8 + -3 + -5.
-1
Calculate -1 + 10 - (19 + (-3 - (10 - -1))).
4
-15 + -2 + -323 + 324
-16
Calculate 1 + -17 - (11 + -20 - 0).
-7
What is the value of -3 - (-30 + 36 + (-23 - -2) - -3)?
9
What is -1 + -4 + (22 - 12) + 4 - 5?
4
What is the value of -10 + (-9 - (-2 + 0 + 71 + -78))?
-10
10 + -3 + (146 - 133 - (1 + 10))
9
What is the value of (4 - 2) + -62 + 52 - 7?
-15
Calculate (9 - -17) + -10 + -15 - (3 + 2).
-4
Calculate -5 + -2 + (6 - 6 - 4) + -7.
-18
-12 - (6 + -46 - -22)
6
What is 1 - 1 - 4 - (1 - (-2 - -17))?
10
What is 13 + -41 - (-13 + 11)?
-26
Evaluate 4 + (57 - 34) + -21.
6
What is the value of -21 - (-7 - ((5 - 0) + -6))?
-15
What is 8 - ((13 - 8) + -5 + 14)?
-6
Evaluate (6 - -22 - (18 - 26)) + -3.
33
Evaluate ((12 - -3 - 10) + 1 - 10) + 4.
0
(8 + -9 - (-17 - -3) - 7) + 8
14
What is the value of (-16 - 6) + (27 - 4)?
1
(-3 + 1 - (-1 - -1)) + (-574 - -573)
-3
-5 - ((3 - -2 - 7) + (-5 - -11))
-9
What is the value of 22 - (6 - (5 + 4)) - (0 + 4)?
21
Calculate -10 - (2 - (20 + -12)).
-4
What is the value of (6 - 4) + -1 + 7 + 5?
13
Evaluate 11 - (2 - (-4 - (4 + -8))).
9
(-19 - (19 + -20)) + 23
5
Evaluate -3 + 41 + (-3 - (26 + -11)).
20
Calculate (16 - 0) + (282 - 297).
1
Evaluate -3 + -1 - -27 - (44 + -39).
18
-4 + -8 + 0 + 12 + (3 - 21)
-18
What is the value of 0 + (-2 - -6 - (-22 + 28)) - 6?
-8
Calculate 2 + -35 + 1005 + -986.
-14
Calculate -5 - -8 - 2 - (39 - 44) - -15.
21
What is (-14 - -7) + (26 - 21 - (10 - 2))?
-10
(7 + 4 + (-7 - -1) - -4) + -5
4
0 + -2 - (-18 + (0 - -5) + 13)
-2
4 - (14 + 12 - 18)
-4
491 + -539 - (-80 + -2)
34
What is the value of (19 - 23) + 0 + -9?
-13
4 + (-6 + 2 - -7) + 8 + -2
13
0 + -1 - (-88 - -104 - (12 + -1))
-6
(1 - (-27 - -1)) + -9 + 24 + -22
20
Evaluate -23 - 0 - (-90 + 73).
-6
Evaluate 8 + (-17 - -5) + 3 - 19.
-20
Evaluate 2 - (-13 + -3 + 25).
-7
What is the value of -12 + (-8 + -5 - -31)?
6
Calculate 6 - (-21 + (3 - (2 - 7)) - 12).
31
What is the value of 2 - 40 - (13 + -31 - -1)?
-21
2 - (2 + -1) - (1 + 28 + -28)
0
5 + (8 + -10 - -7) + -6 + -13
-9
What is (-23 - (-22 - 31)) + -12?
18
1 - -13 - (38 + -23)
-1
-8 + (-30 - -30) + 44
36
Calculate (1 - -14) + 40 + -47 + (-2 - -20).
26
(-31 - -41) + 1 + -14 + -15
-18
What is -6 - (7 + -5) - -19 - (2 + -2)?
11
Evaluate -3 + 30 - (-12 + (29 - 8)).
18
What is 0 - -9 - ((23 - 54) + 41)?
-1
Calculate (8 - (-23 - -15)) + 4.
20
Evaluate 1 + 6 + 0 - (17 - 13).
3
Evaluate -6 - (6 - (-7 - -32 - 1)).
12
What is the value of 5 - 1 - (-80 - -90 - (-1 + 17))?
10
What is -1 + -1 - (-6 - (19 + -20))?
3
What is the value of (5 + -3 - (0 - -6)) + 13 + 17?
26
What is (-25 - 0) + (-101 - -108) + 5?
-13
8 + (-8 + 1 - -9 - (-5 + 12))
3
Calculate (2 - 13) + 29 + 14 + -24 + -27.
-19
(-9 - (-13 + 9)) + 7 + -1 + 3
4
What is the value of -2 - -9 - (-13 + 17 + (1 - -9))?
-7
Calculate (-6 - -3 - -4) + 14 + 3 + -10.
8
What is the value of -6 - (2 - (-4 - -11 - (1 - 5)))?
3
Calculate 1 + 2 - (12 + -19 - -14).
-4
What is the value of (32 + -77 - -17) + 58?
30
What is 1 + 9 - (46 - (31 - -6))?
1
(3 - 0) + -7 + -54 + 34
-24
Evaluate -10 - -8 - -13 - 3.
8
What is (-6 - -8 - 10) + 3?
-5
Calculate 6 + 3 + -11 + 8 + -3.
3
Calculate 11 + -1 - (-1 + -7 - -20).
-2
What is (3 - (1 + (-1 + 5 - 5))) + -6?
-3
What is the value of -31 - (-36 + 31 - (-7 + 8))?
-25
(43 + -64 - -1) + (-1 - -12)
-9
Calculate 1 - (10 - 16) - 10 - (1 - -14).
-18
70 - 63 - (1 - (-6 + -2))
-2
-1 + 7 + (-12 + 12 - (-6 - 1))
13
What is 62 - 57 - (2 - (3 - 0) - -9)?
-3
-2 - 8 - (-2 + 0) - (-17 - -11)
-2
What is the value of (13 - (8 + 7)) + (-2 - -10)?
6
What is the value of 16 - (-26 - -47) - (-1 + 14)?
-18
(-8 + 2 - -6) + 3 + 5
8
What is the value of (-1 - -37) + -361 + 346?
21
What is -11 + (26 - 9) + -17?
-11
What is the value of (-5 - (6 + -7)) + -5 - (86 + -65)?
-30
(-4 - -27) + (-13 - 1 - (-43 + 25))
27
-7 + (15 - 10 - 5) - -9
2
Calculate (9 + 37 - 16) + -2.
28
What is (1 - (-3 - -6)) + -8 + 168 + -174?
-16
Calculate 0 + 0 + (-20 - (-6 + 1)) - -5.
-10
Evaluate -175 + 174 + (-13 - (0 + -4)) + 1.
-9
12 + (14 + -8 - 14)
4
What is -4 - -3 - -4 - -2 - (14 - -7)?
-16
Evaluate -3 + -4 + (-9 - -3) + (2 - 0).
-11
What is 23 - (27 - (18 - 21))?
-7
What is (18 - -2) + (-49 - -24)?
-5
Evaluate (-33 - -66) + -25 + 13.
21
Evaluate 3 + -4 - -8 - (-48 + 48).
7
What is 10 - (-11 + 23) - ((2 - 6) + 2)?
0
Evaluate 1 - (-5 + 0 + 0) - (6 - 7).
7
Evaluate 10 + (1 - 4) + (-4 - 12).
-9
-7 + 15 - 26 - (4 - (5 - -1))
-16
Calculate 1 - 23 - ((89 - 85) + (0 - 11)).
-15
Calculate -2 + 11 + 4 + -29 + 31 + -10.
5
What is the value of (-1 - 23 - (12 - 16)) + (1 - 9)?
-28
Evaluate 10 + 38 - (4 + -9 + 16).
37
What is (0 - -18) + (-22 - (-23 + 11)) + 16?
24
-11 + 0 - ((-18 - -8) + -20)
19
What is the value of -7 - -4 - (1 - 8 - -16)?
-12
What is the value of -4 - -20 - (-8 - -12) - 27?
-15
What is 4 - (-8 + 6 + 22 + -20)?
4
What is the value of 14 - (-14 + (6 - 3 - -21))?
4
Calculate 1 + (13 - -20 - 17).
17
What is -5 + 0 + (7 - 7) - 9?
-14
Evaluate (-20 - (-8 + 4)) + -6 + (0 - -9).
-13
What is -10 - 2 - -2 - (79 + -45 - 36)?
-8
Evaluate 73 + -28 - 5 - 25.
15
3 + 4 - -28 - 38
-3
-9 + (12 - (-5 + (-8 - -4)))
12
What is (-17 + -2 - (-26 + -5)) + -3?
9
Calculate 3 + (-3 - -9) - (10 + -11 + 6).
4
What is -1 + (0 + -2 + (-13 - -9) - -16)?
9
(9 - (-8 - 